s the tens digit of 1410171?
7
What is the tens digit of 7325035?
3
What is the ten thousands digit of 17703?
1
What is the tens digit of 9968984?
8
What is the ten thousands digit of 8345677?
4
What is the tens digit of 157625?
2
What is the ten thousands digit of 44206?
4
What is the hundreds digit of 1030915?
9
What is the hundred thousands digit of 11620836?
6
What is the tens digit of 12451923?
2
What is the ten thousands digit of 221723?
2
What is the units digit of 166009?
9
What is the ten millions digit of 10003536?
1
What is the tens digit of 1958029?
2
What is the units digit of 117944?
4
What is the thousands digit of 540135?
0
What is the ten thousands digit of 7386007?
8
What is the ten thousands digit of 119161?
1
What is the hundred thousands digit of 6370043?
3
What is the units digit of 6559286?
6
What is the hundreds digit of 285967?
9
What is the hundreds digit of 79690?
6
What is the hundreds digit of 680718?
7
What is the units digit of 26485025?
5
What is the ten thousands digit of 86454?
8
What is the hundreds digit of 182627?
6
What is the units digit of 256657?
7
What is the units digit of 172807?
7
What is the hundred thousands digit of 1548259?
5
What is the ten thousands digit of 17328663?
2
What is the tens digit of 22694?
9
What is the thousands digit of 892953?
2
What is the ten thousands digit of 4222134?
2
What is the hundreds digit of 6521092?
0
What is the ten thousands digit of 100404?
0
What is the hundred thousands digit of 5588313?
5
What is the ten thousands digit of 1307225?
0
What is the ten thousands digit of 2241224?
4
What is the millions digit of 18814703?
8
What is the hundreds digit of 17732269?
2
What is the ten thousands digit of 8888311?
8
What is the hundred thousands digit of 30903135?
9
What is the tens digit of 2994748?
4
What is the hundred thousands digit of 2956010?
9
What is the hundreds digit of 19431336?
3
What is the ten thousands digit of 3214980?
1
What is the tens digit of 3121952?
5
What is the tens digit of 539950?
5
What is the units digit of 35811?
1
What is the ten thousands digit of 10553785?
5
What is the tens digit of 128262?
6
What is the hundreds digit of 255064?
0
What is the units digit of 23458556?
6
What is the ten thousands digit of 1045190?
4
What is the millions digit of 1870580?
1
What is the units digit of 561498?
8
What is the ten thousands digit of 2457678?
5
What is the hundred thousands digit of 1223628?
2
What is the thousands digit of 104530?
4
What is the thousands digit of 3920278?
0
What is the units digit of 229343?
3
What is the millions digit of 7422816?
7
What is the ten thousands digit of 477041?
7
What is the thousands digit of 104089?
4
What is the thousands digit of 5945?
5
What is the thousands digit of 7777257?
7
What is the units digit of 20165431?
1
What is the hundred thousands digit of 1571402?
5
What is the thousands digit of 93105?
3
What is the units digit of 586509?
9
What is the hundred thousands digit of 1555287?
5
What is the units digit of 1677902?
2
What is the hundred thousands digit of 8900585?
9
What is the tens digit of 252149?
4
What is the thousands digit of 492955?
2
What is the thousands digit of 167056?
7
What is the hundreds digit of 786690?
6
What is the hundreds digit of 1608096?
0
What is the units digit of 281471?
1
What is the tens digit of 713585?
8
What is the tens digit of 450595?
9
What is the thousands digit of 273201?
3
What is the hundreds digit of 699884?
8
What is the millions digit of 31784897?
1
What is the units digit of 4178422?
2
What is the units digit of 2174427?
7
What is the units digit of 70326?
6
What is the millions digit of 40035979?
0
What is the hundreds digit of 1282646?
6
What is the thousands digit of 208634?
8
What is the hundred thousands digit of 2447073?
4
What is the ten thousands digit of 34350?
3
What is the hundred thousands digit of 6106688?
1
What is the hundred thousands digit of 156806?
1
What is the hundred thousands digit of 15929348?
9
What is the ten millions digit of 13236998?
1
What is the hundreds digit of 146884?
8
What is the units digit of 2113516?
6
What is the tens digit of 7706341?
4
What is the units digit of 296602?
2
What is the hundreds digit of 189081?
0
What is the hundred thousands digit of 184964?
1
What is the millions digit of 2323036?
2
What is the tens digit of 660153?
5
What is the units digit of 1094439?
9
What is the tens digit of 5722019?
1
What is the hundreds digit of 51767?
7
What is the ten thousands digit of 138737?
3
What is the thousands digit of 365647?
5
What is the ten thousands digit of 2268086?
6
What is the tens digit of 176517?
1
What is the hundreds digit of 249118?
1
What is the tens digit of 1345684?
8
What is the thousands digit of 11578?
1
What is the hundred thousands digit of 917786?
9
What is the ten thousands digit of 252833?
5
What is the hundreds digit of 11535202?
2
What is the hundred thousands digit of 389802?
3
What is the millions digit of 8274408?
8
What is the units digit of 138349?
9
What is the thousands digit of 17129477?
9
What is the units digit of 2514536?
6
What is the thousands digit of 2202024?
2
What is the hundred thousands digit of 411917?
4
What is the tens digit of 12940430?
3
What is the millions digit of 2305918?
2
What is the units digit of 795794?
4
What is the ten thousands digit of 2854951?
5
What is the millions digit of 5537094?
5
What is the hundred thousands digit of 1671406?
6
What is the tens digit of 2415883?
8
What is the hundred thousands digit of 17272555?
2
What is the hundreds digit of 94524?
5
What is the hundred thousands digit of 391719?
3
What is the ten thousands digit of 2588751?
8
What is the hundreds digit of 10137518?
5
What is the units digit of 351148?
8
What is the thousands digit of 67671?
7
What is the thousands digit of 157174?
7
What is the hundred thousands digit of 1354909?
3
What is the hundred thousands digit of 4850298?
8
What is the hundred thousands digit of 333013?
3
What is the thousands digit of 1635446?
5
What is the units digit of 251387?
7
What is the millions digit of 1783431?
1
What is the hundreds digit of 17481051?
0
What is the thousands digit of 225572?
5
What is the units digit of 24618104?
4
What is the ten millions digit of 18034448?
1
What is the ten thousands digit of 630722?
3
What is the hundreds digit of 205275?
2
What is the hundred thousands digit of 489058?
4
What is the tens digit of 192181?
8
What is the tens digit of 11450267?
6
What is the hundreds digit of 148082?
0
What is the thousands digit of 24448?
4
What is the hundred thousands digit of 5140173?
1
What is the thousands digit of 2428285?
8
What is the hundreds digit of 2819868?
8
What is the ten thousands digit of 224347?
2
What is the units digit of 26367084?
4
What is the tens digit of 430456?
5
What is the ten thousands digit of 5224531?
2
What is the tens digit of 14518733?
3
What is the units digit of 6705288?
8
What is the hundred thousands digit of 698615?
6
What is the hundred thousands digit of 152468?
1
What is the units digit of 196546?
6
What is the hundred thousands digit of 184594?
1
What is the thousands digit of 720060?
0
What is the thousands digit of 674113?
4
What is the thousands digit of 429974?
9
What is the tens digit of 11859098?
9
What is the thousands digit of 8210?
8
What is the ten thousands digit of 2108866?
0
What is the tens digit of 1062828?
2
What is the hundreds digit of 6568603?
6
What is the hundred thousands digit of 2384376?
3
What is the hundreds digit of 729960?
9
What is the hundred thousands digit of 35413407?
4
What is the thousands digit of 8139614?
9
What is the ten thousands digit of 3463407?
6
What is the units digit of 36453?
3
What is the thousands digit of 2445614?
5
What is the hundreds digit of 10699660?
6
What is the hundreds digit of 271534?
5
What is the units digit of 592529?
9
What is the thousands digit of 1093310?
3
What is the tens digit of 249791?
9
What is the thousands digit of 1528814?
8
What is the hundred thousands digit of 429267?
4
What is the hundred thousands digit of 894372?
8
What is the tens digit of 391293?
9
What is the tens digit of 3380427?
2
What is the tens digit of 83453?
5
What is the tens digi